t of 1330597?
3
What is the millions digit of 10700286?
0
What is the millions digit of 9777784?
9
What is the units digit of 16344?
4
What is the ten thousands digit of 53803?
5
What is the hundreds digit of 1728446?
4
What is the hundred thousands digit of 1957338?
9
What is the thousands digit of 1463277?
3
What is the ten thousands digit of 2286907?
8
What is the units digit of 238532?
2
What is the tens digit of 99413?
1
What is the millions digit of 5409904?
5
What is the thousands digit of 4542342?
2
What is the hundred thousands digit of 881051?
8
What is the thousands digit of 10022037?
2
What is the tens digit of 576873?
7
What is the millions digit of 2007725?
2
What is the ten thousands digit of 934491?
3
What is the units digit of 197151?
1
What is the thousands digit of 666134?
6
What is the tens digit of 235576?
7
What is the hundred thousands digit of 647485?
6
What is the hundred thousands digit of 3026586?
0
What is the units digit of 932949?
9
What is the hundred thousands digit of 939421?
9
What is the hundreds digit of 564351?
3
What is the hundred thousands digit of 5778805?
7
What is the thousands digit of 25304?
5
What is the hundred thousands digit of 103726?
1
What is the tens digit of 33589422?
2
What is the ten thousands digit of 240078?
4
What is the ten thousands digit of 24009254?
0
What is the tens digit of 3998?
9
What is the tens digit of 903441?
4
What is the units digit of 250631?
1
What is the units digit of 42582?
2
What is the tens digit of 55211?
1
What is the thousands digit of 2202?
2
What is the hundred thousands digit of 4029789?
0
What is the tens digit of 1214164?
6
What is the units digit of 13113447?
7
What is the units digit of 1125663?
3
What is the ten thousands digit of 19922579?
2
What is the ten thousands digit of 127244?
2
What is the hundreds digit of 2490563?
5
What is the hundred thousands digit of 952917?
9
What is the ten millions digit of 13278522?
1
What is the hundred thousands digit of 879295?
8
What is the thousands digit of 971149?
1
What is the millions digit of 1068412?
1
What is the units digit of 778049?
9
What is the units digit of 84542?
2
What is the thousands digit of 415079?
5
What is the thousands digit of 4959950?
9
What is the hundred thousands digit of 114873?
1
What is the units digit of 204949?
9
What is the ten thousands digit of 27083094?
8
What is the millions digit of 3540103?
3
What is the hundred thousands digit of 4092119?
0
What is the ten thousands digit of 205113?
0
What is the hundreds digit of 28713334?
3
What is the tens digit of 1403877?
7
What is the thousands digit of 86296?
6
What is the ten thousands digit of 15209569?
0
What is the tens digit of 372729?
2
What is the tens digit of 1479167?
6
What is the hundreds digit of 277594?
5
What is the ten thousands digit of 88722?
8
What is the units digit of 73542?
2
What is the hundred thousands digit of 2061734?
0
What is the hundreds digit of 931245?
2
What is the hundred thousands digit of 6195154?
1
What is the units digit of 1073903?
3
What is the ten thousands digit of 135774?
3
What is the units digit of 270591?
1
What is the ten thousands digit of 198815?
9
What is the thousands digit of 732802?
2
What is the thousands digit of 366130?
6
What is the tens digit of 55926?
2
What is the units digit of 250981?
1
What is the hundreds digit of 7741722?
7
What is the tens digit of 3555744?
4
What is the hundreds digit of 25539670?
6
What is the hundreds digit of 1753274?
2
What is the tens digit of 575745?
4
What is the units digit of 373114?
4
What is the hundreds digit of 89512?
5
What is the hundred thousands digit of 3841394?
8
What is the thousands digit of 6281740?
1
What is the hundreds digit of 1358006?
0
What is the ten thousands digit of 1261168?
6
What is the tens digit of 129175?
7
What is the ten thousands digit of 285105?
8
What is the ten thousands digit of 615162?
1
What is the ten thousands digit of 1026913?
2
What is the ten thousands digit of 167720?
6
What is the hundred thousands digit of 286448?
2
What is the ten thousands digit of 1847104?
4
What is the thousands digit of 2408394?
8
What is the tens digit of 2048323?
2
What is the tens digit of 911368?
6
What is the ten thousands digit of 811648?
1
What is the ten thousands digit of 431034?
3
What is the ten thousands digit of 70059?
7
What is the ten thousands digit of 288156?
8
What is the ten thousands digit of 6336564?
3
What is the units digit of 3126485?
5
What is the tens digit of 316680?
8
What is the units digit of 207740?
0
What is the ten thousands digit of 2291321?
9
What is the millions digit of 2632426?
2
What is the ten thousands digit of 13833944?
3
What is the tens digit of 14094119?
1
What is the ten thousands digit of 3227335?
2
What is the hundred thousands digit of 106808?
1
What is the units digit of 2815030?
0
What is the hundreds digit of 226426?
4
What is the units digit of 1544462?
2
What is the hundreds digit of 1879492?
4
What is the tens digit of 5463?
6
What is the units digit of 4918572?
2
What is the tens digit of 3733829?
2
What is the ten thousands digit of 632849?
3
What is the ten thousands digit of 24778?
2
What is the units digit of 392131?
1
What is the tens digit of 15048927?
2
What is the units digit of 6698192?
2
What is the millions digit of 25920090?
5
What is the hundreds digit of 680523?
5
What is the units digit of 331858?
8
What is the hundreds digit of 20479629?
6
What is the hundreds digit of 9260583?
5
What is the hundred thousands digit of 11946467?
9
What is the hundred thousands digit of 9134607?
1
What is the hundreds digit of 400206?
2
What is the tens digit of 9184850?
5
What is the hundreds digit of 953988?
9
What is the tens digit of 15643879?
7
What is the hundreds digit of 784057?
0
What is the hundreds digit of 185323?
3
What is the units digit of 1872943?
3
What is the ten millions digit of 24238521?
2
What is the tens digit of 30727417?
1
What is the hundreds digit of 1215346?
3
What is the hundreds digit of 14353868?
8
What is the tens digit of 115959?
5
What is the units digit of 2573317?
7
What is the hundred thousands digit of 381082?
3
What is the tens digit of 9448607?
0
What is the ten thousands digit of 57695?
5
What is the hundred thousands digit of 13127093?
1
What is the ten thousands digit of 747989?
4
What is the units digit of 76925?
5
What is the tens digit of 350767?
6
What is the thousands digit of 367577?
7
What is the hundreds digit of 1140253?
2
What is the units digit of 15355570?
0
What is the units digit of 6288132?
2
What is the hundred thousands digit of 5279103?
2
What is the units digit of 9901555?
5
What is the millions digit of 1197750?
1
What is the hundred thousands digit of 5816650?
8
What is the ten thousands digit of 30472282?
7
What is the hundred thousands digit of 168744?
1
What is the thousands digit of 213009?
3
What is the ten thousands digit of 73235?
7
What is the ten thousands digit of 84033?
8
What is the thousands digit of 9034045?
4
What is the hundreds digit of 17302783?
7
What is the hundreds digit of 518169?
1
What is the hundreds digit of 776874?
8
What is the thousands digit of 281769?
1
What is the hundreds digit of 199319?
3
What is the ten millions digit of 33011761?
3
What is the units digit of 6222259?
9
What is the thousands digit of 264135?
4
What is the hundreds digit of 731886?
8
What is the millions digit of 1650410?
1
What is the tens digit of 3419716?
1
What is the thousands digit of 76147?
6
What is the hundreds digit of 7212827?
8
What is the units digit of 6682450?
0
What is the units digit of 33686813?
3
What is the units digit of 830785?
5
What is the thousands digit of 6398523?
8
What is the thousands digit of 10876708?
6
What is the units digit of 138770?
0
What is the hundreds digit of 862428?
4
What is the tens digit of 1084533?
3
What is the tens digit of 83022?
2
What is the tens digit of 2586706?
0
What is the hundreds digit of 169978?
9
What is the ten thousands digit of 214518?
1
What is the hundreds digit of 14523?
5
What is the tens digit of 185329?
2
What is the ten thousands digit of 1797822?
9
What is the ten thousands digit of 4968408?
6
What is the hundred thousands digit of 699